{"id":50,"date":"2021-02-03T12:16:40","date_gmt":"2021-02-03T11:16:40","guid":{"rendered":"http:\/\/127.0.0.1\/wordpress\/?page_id=50"},"modified":"2021-07-15T12:06:57","modified_gmt":"2021-07-15T10:06:57","slug":"vyuka","status":"publish","type":"page","link":"https:\/\/organicchemistry.science.upjs.sk\/?page_id=50","title":{"rendered":"V\u00fduka"},"content":{"rendered":"\n<p>Katedra organickej ch\u00e9mie zabezpe\u010duje v\u00fduku predmetov na 1. aj 2. stupni vysoko\u0161kolsk\u00e9ho \u0161t\u00fadia pre jednoodborov\u00e9 aj u\u010dite\u013esk\u00e9 programy.<\/p>\n\n\n\n<p>Bakal\u00e1rsky \u0161tudijn\u00fd program:<\/p>\n\n\n\n<ul><li>\u00daCHV\/FMZ\/04 Z\u00e1klady farmaceutickej ch\u00e9mie (Budovsk\u00e1)<\/li><li>\u00daCHV\/ISC1a\/00 Informa\u010dn\u00e9 syst\u00e9my v&nbsp;ch\u00e9mii I (Janovec, Tvrdo\u0148ov\u00e1)<\/li><li>\u00daCHV\/ISCH1b\/03 Informa\u010dn\u00e9 syst\u00e9my v&nbsp;ch\u00e9mii II (Janovec)<\/li><li>\u00daCHV\/MOC1\/00 Reak\u010dn\u00e9 mechanizmy v&nbsp;organickej ch\u00e9mii (Tvrdo\u0148ov\u00e1)<\/li><li>\u00daCHV\/MUS\/03 Met\u00f3dy ur\u010dovania \u0161trukt\u00fary, spektr\u00e1lne met\u00f3dy (za KOCH Tvrdo\u0148ov\u00e1)<\/li><li>\u00daCHV\/OCH1a\/10 Organick\u00e1 ch\u00e9mia I (Martinkov\u00e1)<\/li><li>\u00daCHV\/OCH1b\/03 Organick\u00e1 ch\u00e9mia II (Martinkov\u00e1)<\/li><li>\u00daCHV\/POC1\/03 Praktikum z&nbsp;organickej ch\u00e9mie (\u0160pakov\u00e1 Raschmanov\u00e1, Hamu\u013eakov\u00e1, Budovsk\u00e1, Ele\u010dko)<\/li><li>\u00daCHV\/PPOC\/03 Pokro\u010dil\u00e9 praktikum z&nbsp;organickej ch\u00e9mie (Budovsk\u00e1, Ele\u010dko)<\/li><li>\u00daCHV\/PRCH1\/10 Prosemin\u00e1r z&nbsp;ch\u00e9mie I (\u0160pakov\u00e1 Raschmanov\u00e1)<\/li><li>\u00daCHV\/ST\/03 Stereoch\u00e9mia (Tvrdo\u0148ov\u00e1)<\/li><\/ul>\n\n\n\n<p><\/p>\n\n\n\n<p>Magistersk\u00fd \u0161tudijn\u00fd program<\/p>\n\n\n\n<ul><li>\u00daCHV\/AS1\/03 Asymetrick\u00e1 synt\u00e9za<\/li><li>\u00daCHV\/BOC\/18 Bioorganick\u00e1 ch\u00e9mia (\u0160pakov\u00e1 Raschmanov\u00e1, Ele\u010dko)<\/li><li>\u00daCHV\/CHOZ\/18 Ch\u00e9mia organokovov\u00fdch zl\u00fa\u010den\u00edn (\u0160pakov\u00e1 Raschmanov\u00e1)<\/li><li>\u00daCHV\/FMCH\/04 Farmaceutick\u00e1 ch\u00e9mia (Budovsk\u00e1)<\/li><li>\u00daCHV\/HZ1\/00 Heterocyklick\u00e9 zl\u00fa\u010deniny (Budovsk\u00e1)<\/li><li>\u00daCHV\/ISVTC\/14 Informa\u010dn\u00e9 syst\u00e9my a v\u00fdpo\u010dtov\u00e1 technika v\u00a0ch\u00e9mii (Tvrdo\u0148ov\u00e1)<\/li><li>\u00daCHV\/KOC1\/01 Kvantov\u00e1 ch\u00e9mia (Janovec)<\/li><li>\u00daCHV\/MM1\/00 Molekulov\u00fd modeling (Janovec)<\/li><li>\u00daCHV\/MSM1\/00 Modern\u00e9 syntetick\u00e9 met\u00f3dy (Martinkov\u00e1, Janovec, Ele\u010dko)<\/li><li>\u00daCHV\/MSPM\/04 Modern\u00e9 spektroskopick\u00e9 met\u00f3dy (Tvrdo\u0148ov\u00e1)<\/li><li>\u00daCHV\/NCH\/03 Neuroch\u00e9mia (Martinkov\u00e1)<\/li><li>\u00daCHV\/OS\/03 Organick\u00e1 synt\u00e9za (Ele\u010dko)<\/li><li>\u00daCHV\/PCH1\/00 Potravin\u00e1rska ch\u00e9mia (Ele\u010dko)<\/li><li>\u00daCHV\/PRL\/18 Ch\u00e9mia pr\u00edrodn\u00fdch l\u00e1tok (Martinkov\u00e1)<\/li><li>\u00daCHV\/STRE\/09 \u0160trukt\u00fara a\u00a0reaktivita (za KOCH Hamu\u013eakov\u00e1) <\/li><li>\u00daCHV\/TOXOL\/18 Toxikol\u00f3gia organick\u00fdch l\u00e1tok (Martinkov\u00e1)<\/li><\/ul>\n","protected":false},"excerpt":{"rendered":"<p>Katedra organickej ch\u00e9mie zabezpe\u010duje v\u00fduku predmetov na 1. aj 2. stupni vysoko\u0161kolsk\u00e9ho \u0161t\u00fadia pre jednoodborov\u00e9 aj u\u010dite\u013esk\u00e9 programy. Bakal\u00e1rsky \u0161tudijn\u00fd program: \u00daCHV\/FMZ\/04 Z\u00e1klady farmaceutickej ch\u00e9mie (Budovsk\u00e1) \u00daCHV\/ISC1a\/00 Informa\u010dn\u00e9 syst\u00e9my v&nbsp;ch\u00e9mii I (Janovec, Tvrdo\u0148ov\u00e1) \u00daCHV\/ISCH1b\/03 Informa\u010dn\u00e9 syst\u00e9my v&nbsp;ch\u00e9mii II (Janovec) \u00daCHV\/MOC1\/00 Reak\u010dn\u00e9 mechanizmy v&nbsp;organickej ch\u00e9mii (Tvrdo\u0148ov\u00e1) \u00daCHV\/MUS\/03 Met\u00f3dy ur\u010dovania \u0161trukt\u00fary, spektr\u00e1lne met\u00f3dy (za KOCH Tvrdo\u0148ov\u00e1) \u00daCHV\/OCH1a\/10 &hellip; <\/p>\n<p class=\"link-more\"><a href=\"https:\/\/organicchemistry.science.upjs.sk\/?page_id=50\" class=\"more-link\">Pokra\u010dova\u0165 v \u010d\u00edtan\u00ed<span class=\"screen-reader-text\"> &#8222;V\u00fduka&#8220;<\/span><\/a><\/p>\n","protected":false},"author":3,"featured_media":0,"parent":0,"menu_order":0,"comment_status":"closed","ping_status":"closed","template":"","meta":[],"_links":{"self":[{"href":"https:\/\/organicchemistry.science.upjs.sk\/index.php?rest_route=\/wp\/v2\/pages\/50"}],"collection":[{"href":"https:\/\/organicchemistry.science.upjs.sk\/index.php?rest_route=\/wp\/v2\/pages"}],"about":[{"href":"https:\/\/organicchemistry.science.upjs.sk\/index.php?rest_route=\/wp\/v2\/types\/page"}],"author":[{"embeddable":true,"href":"https:\/\/organicchemistry.science.upjs.sk\/index.php?rest_route=\/wp\/v2\/users\/3"}],"replies":[{"embeddable":true,"href":"https:\/\/organicchemistry.science.upjs.sk\/index.php?rest_route=%2Fwp%2Fv2%2Fcomments&post=50"}],"version-history":[{"count":4,"href":"https:\/\/organicchemistry.science.upjs.sk\/index.php?rest_route=\/wp\/v2\/pages\/50\/revisions"}],"predecessor-version":[{"id":524,"href":"https:\/\/organicchemistry.science.upjs.sk\/index.php?rest_route=\/wp\/v2\/pages\/50\/revisions\/524"}],"wp:attachment":[{"href":"https:\/\/organicchemistry.science.upjs.sk\/index.php?rest_route=%2Fwp%2Fv2%2Fmedia&parent=50"}],"curies":[{"name":"wp","href":"https:\/\/api.w.org\/{rel}","templated":true}]}}