{"id":56,"date":"2021-02-03T12:16:40","date_gmt":"2021-02-03T11:16:40","guid":{"rendered":"http:\/\/127.0.0.1\/wordpress\/?page_id=53"},"modified":"2025-06-06T07:36:57","modified_gmt":"2025-06-06T05:36:57","slug":"zamestnanci","status":"publish","type":"page","link":"https:\/\/organicchemistry.science.upjs.sk\/?page_id=56","title":{"rendered":"Zamestnanci"},"content":{"rendered":"\n<p><a href=\"https:\/\/organicchemistry.science.upjs.sk\/?page_id=194\">Doc. RNDr. Miroslava Martinkov\u00e1, PhD<\/a><\/p>\n\n\n\n<p><a href=\"https:\/\/organicchemistry.science.upjs.sk\/?page_id=178\">Doc. RNDr. Mariana Budovsk\u00e1, PhD.<\/a><\/p>\n\n\n\n<p><a href=\"https:\/\/organicchemistry.science.upjs.sk\/?page_id=190\">RNDr. Martin F\u00e1bian, PhD.<\/a><\/p>\n\n\n\n<p><a href=\"https:\/\/organicchemistry.science.upjs.sk\/?page_id=184\">RNDr. Sl\u00e1vka Hamu\u013eakov\u00e1, PhD.<\/a><\/p>\n\n\n\n<p><a href=\"https:\/\/organicchemistry.science.upjs.sk\/?page_id=186\">Doc. RNDr. Ladislav Janovec, PhD.<\/a><\/p>\n\n\n\n<p><a href=\"https:\/\/organicchemistry.science.upjs.sk\/?page_id=180\">RNDr. Jana \u0160pakov\u00e1 Raschmanov\u00e1, PhD.<\/a><\/p>\n\n\n\n<p><a href=\"https:\/\/organicchemistry.science.upjs.sk\/?page_id=182\">RNDr. Monika Tvrdo\u0148ov\u00e1, PhD.<\/a><\/p>\n\n\n\n<p>RNDr. Kvetoslava Stankov\u00e1, PhD.<\/p>\n\n\n\n<p><a href=\"https:\/\/organicchemistry.science.upjs.sk\/?page_id=196\">Gabriela Ordo\u0161ov\u00e1<\/a><\/p>\n","protected":false},"excerpt":{"rendered":"<p>Doc. RNDr. Miroslava Martinkov\u00e1, PhD Doc. RNDr. Mariana Budovsk\u00e1, PhD. RNDr. Martin F\u00e1bian, PhD. RNDr. Sl\u00e1vka Hamu\u013eakov\u00e1, PhD. Doc. RNDr. Ladislav Janovec, PhD. RNDr. Jana \u0160pakov\u00e1 Raschmanov\u00e1, PhD. RNDr. Monika Tvrdo\u0148ov\u00e1, PhD. RNDr. Kvetoslava Stankov\u00e1, PhD. Gabriela Ordo\u0161ov\u00e1<\/p>\n","protected":false},"author":3,"featured_media":0,"parent":0,"menu_order":0,"comment_status":"closed","ping_status":"closed","template":"","meta":[],"_links":{"self":[{"href":"https:\/\/organicchemistry.science.upjs.sk\/index.php?rest_route=\/wp\/v2\/pages\/56"}],"collection":[{"href":"https:\/\/organicchemistry.science.upjs.sk\/index.php?rest_route=\/wp\/v2\/pages"}],"about":[{"href":"https:\/\/organicchemistry.science.upjs.sk\/index.php?rest_route=\/wp\/v2\/types\/page"}],"author":[{"embeddable":true,"href":"https:\/\/organicchemistry.science.upjs.sk\/index.php?rest_route=\/wp\/v2\/users\/3"}],"replies":[{"embeddable":true,"href":"https:\/\/organicchemistry.science.upjs.sk\/index.php?rest_route=%2Fwp%2Fv2%2Fcomments&post=56"}],"version-history":[{"count":12,"href":"https:\/\/organicchemistry.science.upjs.sk\/index.php?rest_route=\/wp\/v2\/pages\/56\/revisions"}],"predecessor-version":[{"id":593,"href":"https:\/\/organicchemistry.science.upjs.sk\/index.php?rest_route=\/wp\/v2\/pages\/56\/revisions\/593"}],"wp:attachment":[{"href":"https:\/\/organicchemistry.science.upjs.sk\/index.php?rest_route=%2Fwp%2Fv2%2Fmedia&parent=56"}],"curies":[{"name":"wp","href":"https:\/\/api.w.org\/{rel}","templated":true}]}}